pose -2*j + 4*j - u = 0. Is j a composite number?
True
Let p(v) = v**3 - 13*v**2 + 24*v - 18. Let j be p(11). Suppose 459 = 4*z + 5*b, -j*b + 19 = 7. Is z composite?
True
Let j = -97 - -102. Let g(k) = 12*k - 9 + 21*k + 2*k. Is g(j) composite?
True
Let a(y) = -350*y**3 - 7*y**2 + 4. Is a(-3) composite?
False
Let x(o) = -o**2 + 7*o + 35491. Is x(0) prime?
True
Suppose a + 3 = -r + 3*a, -3 = 2*r - 3*a. Suppose -4*b = r*c - 2540, -3*c = -0*c. Is b prime?
False
Let l(g) = -g**3 - g**2 + 12*g + 3097. Is l(0) composite?
True
Let s(n) = -n**2 - 4*n - 3. Let y be s(-3). Let b(h) = h**2 - 5*h + 559. Is b(y) prime?
False
Let c(z) = 314*z**2 - 25*z + 43. Is c(-6) a composite number?
False
Let g(t) = 5*t + 802*t**2 - 88 + 249*t**2 + 89 - 2*t. Is g(-1) a composite number?
False
Suppose 4*t + 2292 = 4*h, 5*h + 2*t = -2*t + 2910. Suppose 2*l + 4*i = h, 5*i = -4*l - 0*l + 1156. Is l a prime number?
False
Suppose -6*t = -5*t - 42. Let f = t + 265. Is f a composite number?
False
Let y = 546 - -243. Is y composite?
True
Let h = 2459 - 658. Is h a prime number?
True
Let t be (-5)/(-10)*(-1 - -1). Suppose 2*b - 80 = -t*b. Is (-1494)/(-10) - 16/b a composite number?
False
Let t(w) = 4*w. Let u be t(13). Let b = 735 + u. Is b a composite number?
False
Let h be 1*(175 - 2)/1*-3. Let n = -262 - h. Is n a prime number?
True
Suppose 0*g = -6*g + 6330. Suppose -20*p = -15*p - g. Is p a composite number?
False
Let s(j) = j**2 - j**3 + 0*j - 2*j + 2 - 3*j**2. Let z be s(-2). Is 2*(255/z + -3) prime?
True
Let k be 2/(-11) - (-2)/11. Suppose -2*j + 8 = -k*j. Suppose 303 = j*n - 85. Is n composite?
False
Suppose 4224 = -11*u + 65087. Is u a composite number?
True
Let l = 10 + -14. Let p be (-254)/l*(-2 - -4). Let k = p + -50. Is k a prime number?
False
Let s(r) be the third derivative of 1/6*r**3 - 6*r**2 + 0 + 1/12*r**5 - 3/8*r**4 + 0*r. Is s(6) a prime number?
True
Let g(n) = -n**3 - 10*n**2 + 11*n + 3. Suppose 0 = 4*v + 7 + 37. Let a be g(v). Suppose a*t - 131 = -38. Is t composite?
False
Suppose -4*y + 94 = -82. Is (-4)/(-22) - (-11300)/y a composite number?
False
Let n = 193 + -662. Let j = 226 - n. Suppose l + 2*b = j, 2*b = 5*l + 6*b - 3463. Is l composite?
False
Let f(g) = g**3 + g**2 - g. Let a(s) = 25*s**3 - 9*s**2 + 4*s. Let o(l) = -a(l) - 5*f(l). Is o(-2) a prime number?
False
Suppose -2*x - 4 = -2*h, -6*h + x + 26 = -h. Suppose h*n + 9*n - 65505 = 0. Is n a prime number?
False
Let r(k) = -1255*k - 41. Is r(-4) composite?
True
Let v(j) = 4175*j**2 - 10*j - 8. Is v(-1) prime?
True
Let n(l) = 44*l - 29. Let y be 1 + (2 - (-10)/5). Is n(y) a prime number?
True
Let p(x) = -140*x**3 - 2*x**2 + 19*x + 66. Is p(-5) a composite number?
True
Let k = -3273 - -10052. Is k a composite number?
False
Let s = -11 - -45. Is (-1 - -2*s)*1 a prime number?
True
Let h be (2898/12 + 2)/(2/4). Suppose 3*p + 2*t - h - 1536 = 0, 4*p - 4*t = 2724. Is p a composite number?
False
Let b(z) = 191*z**2 + 8*z + 42. Is b(-9) composite?
True
Suppose -974 = -6*m + 172. Is m composite?
False
Let c(u) = u**3 - 5*u**2 - 8*u + 12. Let d be c(6). Suppose -5*b + 5*r - 5 = d, -5 = -b - 3*r + 10. Suppose 0 = b*l - 79 - 1358. Is l composite?
False
Let m(p) = -63*p + 36. Let h be m(-16). Suppose 3907 - h = 7*v. Is v a prime number?
True
Suppose 0 = 101*s - 65*s - 2302164. Is s a prime number?
True
Suppose -274890 = -32*i + 655574. Is i prime?
True
Suppose 7*t - t - 3054 = 0. Suppose 5*l + 2*h - 633 = 0, -4*l + h = -0*l - t. Is l composite?
False
Let t be 99/5 - (-1 + 4/5). Let a(j) = 45*j - 21. Is a(t) prime?
False
Suppose s + 9271 = -2*u, u = -0*s + 4*s + 37075. Is s/(-117) + 2/(-9) prime?
True
Suppose -5*t + 4918 = -22257. Is t prime?
False
Suppose -133*f = -164*f + 3637943. Is f prime?
True
Suppose -29*v + 323211 = -8*v. Is v prime?
True
Suppose 5*u = -2*c - 4 + 29, 0 = 3*u - 9. Suppose 3*s - s - n = 1263, -4*s = c*n - 2519. Is s composite?
False
Let o = -36 + 40. Is (109/o - 2)/(2/232) a prime number?
False
Let l = -277 - -185. Let n be 16*(3 - l/8). Suppose 3*a - 7*a = -n. Is a a prime number?
False
Let w(v) = 4*v - 3*v + 18 - 2*v + 2*v. Let x be w(-16). Is x/6 - (-708)/9 prime?
True
Suppose -236 = -3*t + 100. Let f = -67 + t. Suppose -2*k + 129 = 2*h - f, -k + 443 = 5*h. Is h composite?
False
Suppose -3*o - 48753 = -2*b - 12367, 54557 = 3*b + o. Is b a prime number?
False
Let q(y) = y**3 - 4*y**2 - y + 5. Let u be q(4). Is (47/u + -1)*1 prime?
False
Let w = -17 + 20. Suppose 5 = w*v - 7. Is (-4 + 2)/v*-746 a composite number?
False
Suppose -h - 1 = 0, g - 2*h = 6*g - 12313. Is g a prime number?
False
Let a = -6257 - -25320. Is a a prime number?
False
Let k = -7 - -7. Suppose 0 = -4*o - k*g - g + 1221, 0 = 4*g + 12. Is o - (0 - 1)*1 prime?
True
Let l be 2/(8/(-11))*36. Let j = -5 - l. Is j composite?
True
Let y = 15 + -11. Suppose 0 = 13*o + 13918 + 2319. Is y/18 - o/9 a composite number?
False
Let h(a) = -a**2 - 16*a - 15. Suppose -8*f + 11*f = -30. Let m = -2 + f. Is h(m) prime?
False
Is (45/18 - 2) + 2497/2 a prime number?
True
Let y = -13 + 0. Let b(k) = -60*k + 17. Is b(y) a prime number?
True
Let k be (-96)/56 - (-2)/(-7) - -2. Suppose 511 = y - k*y - 4*m, 5*y + 4*m - 2627 = 0. Is y composite?
False
Let z = 0 + 16. Let h = z - 14. Suppose 3*a + 2259 = 3*t, 6 = h*a + a. Is t a prime number?
False
Let f(g) = 92*g**2 - 4*g + 67. Is f(7) a prime number?
True
Suppose 2053 = -2*r - 1061. Let x = 2774 + r. Suppose 2 = -f, 5*w + f - x = 116. Is w composite?
True
Suppose -44*g - 105990 = -1308466. Is g a prime number?
True
Suppose 3*y - 28 = -y. Let c = 12 - y. Suppose 270 = 2*u - 2*v, 0 = c*u + 2*v - 3*v - 691. Is u a prime number?
True
Suppose -5*b = -2*q - q - 4, 2*q = 2*b. Suppose -b*v = 5*v - 1337. Is v a prime number?
True
Let g(u) = 119*u**2 + 3*u + 1. Let w be -7 + (1 - 2) + 4. Let l be g(w). Is 3/(((-9)/l)/(-1)) a prime number?
True
Suppose 103 - 1027 = -4*k. Let s(p) = p**3 - 18*p**2 + 23*p + 26. Let w be s(16). Let y = k + w. Is y a composite number?
False
Let m(x) = 106*x - 1. Let k = 12 - 30. Let f be ((-1)/3)/(2/k). Is m(f) a composite number?
False
Let o be (0/(-3) + 1)*3. Is o/18*-4 - (-1810)/6 a prime number?
False
Let n(p) = 3*p - 4. Let i be n(3). Suppose 0 = 5*r - i. Is 21/r - (1 + -2) composite?
True
Is 8/28 + (0 - (-112822)/14) prime?
True
Suppose 7*z - 12 = 4*z, -4*z = -4*g + 1892. Is (-5 + g/6)/((-2)/(-4)) prime?
True
Let k(q) = 2*q - 2. Let m be k(3). Suppose 2*x + 0 = 12. Suppose m*n - x*n = -178. Is n composite?
False
Let t(j) be the third derivative of -j**6/60 - 7*j**5/60 - 17*j**4/24 - 13*j**3/6 - 23*j**2. Is t(-9) composite?
False
Let x be ((-18)/(-21))/(-3) - (-2)/7. Let a(h) = -3*h + 213. Is a(x) prime?
False
Is 36/24*233278/3 a prime number?
True
Suppose 0 = -2*v + 8*v + 24. Let l be (v - (-2 + 0)) + -376. Let i = l - -743. Is i a prime number?
False
Suppose -v + 5*p = -2696, 7*v - 3*v = 3*p + 10869. Is v composite?
True
Suppose 0 = 2*m - 3*m - 5*v - 5, 3*m = 4*v + 23. Suppose m*a = 8*a - 339. Is a prime?
True
Suppose -6*z + 8*z - v - 12379 = 0, 30941 = 5*z + 4*v. Is z composite?
True
Suppose -5*l + 325*g - 328*g + 121924 = 0, 0 = 2*l - 2*g - 48760. Is l a composite number?
True
Let j be (1 - -1) + (7 - 12 - -7). Suppose t = -j*t + 2285. Is t prime?
True
Let l be (-226)/10 + (-8)/20. Let n = l + 21. Is n/(-3) + 535/3 a composite number?
False
Let g be (-9)/27*223*-3. Suppose 0 = y + 4*y - 15. Suppose -y*a = -4*r + g, r + a = -2*a + 52. Is r prime?
False
Is -6 + (-2)/6*-184407 a prime number?
True
Suppose 25785 = 5*t - 4*d, 9*d - 14*d - 15458 = -3*t. Is t a composite number?
True
Let s(v) = -17*v - 13 + 2*v**3 + 15*v**2 - 5*v**3 + v**3 + 3*v**3. Let k be s(-16). Suppose -5*i = -k*l - 67 + 401, -5*i = 5*l - 490. Is l composite?
False
Is 1195/(-3 + (-4 - 8)/(-3)) composite?
True
Suppose -20*h = -2*p - 19*h + 12776, -4*p = 4*h - 25564. Is p a prime number?
True
Suppose 5*v - 3439 = -3*l, 5*v - l - 3856 = -409. Suppose -5237 = -3*p - v. Is (2*p/(-8))/(-1) prime?
True
Suppose -5*a - s - 757 = 0, 3*a - 7*s + 465 = -4*s. Let o(n) = -17*n**2 + 5*n - 3. Let j be o(-4). Let w = a - j. Is w prime?
False
Let h(z) = -z**3 + 15*z**2 - 14*z + 3. Let r be h(14). Suppose -2*s - s + 6 = l, 0 = -3*s + r. Is 0/(l + -6) + 745 prime?
False
Let u(h) = 10*h**2 - 7*h - 46. Is u(9) a prime num